 of 43323?
3
What is the ten thousands digit of 11813?
1
What is the hundreds digit of 2955?
9
What is the ten thousands digit of 15138?
1
What is the units digit of 1811?
1
What is the ten thousands digit of 47337?
4
What is the units digit of 18286?
6
What is the thousands digit of 27729?
7
What is the thousands digit of 10965?
0
What is the hundreds digit of 61448?
4
What is the units digit of 4565?
5
What is the hundreds digit of 915?
9
What is the units digit of 1401?
1
What is the thousands digit of 167707?
7
What is the units digit of 4557?
7
What is the ten thousands digit of 46980?
4
What is the units digit of 1924?
4
What is the units digit of 691?
1
What is the units digit of 6134?
4
What is the tens digit of 11250?
5
What is the tens digit of 1464?
6
What is the tens digit of 50459?
5
What is the thousands digit of 38472?
8
What is the thousands digit of 1223?
1
What is the hundreds digit of 1982?
9
What is the thousands digit of 16073?
6
What is the ten thousands digit of 15516?
1
What is the hundreds digit of 602?
6
What is the thousands digit of 1666?
1
What is the tens digit of 96556?
5
What is the tens digit of 1616?
1
What is the thousands digit of 23304?
3
What is the units digit of 2215?
5
What is the units digit of 46689?
9
What is the units digit of 29362?
2
What is the thousands digit of 3533?
3
What is the tens digit of 2664?
6
What is the hundreds digit of 22486?
4
What is the tens digit of 3872?
7
What is the hundreds digit of 2388?
3
What is the units digit of 1079?
9
What is the ten thousands digit of 28918?
2
What is the hundreds digit of 1303?
3
What is the hundreds digit of 43267?
2
What is the tens digit of 273?
7
What is the ten thousands digit of 56192?
5
What is the thousands digit of 1883?
1
What is the hundreds digit of 35821?
8
What is the hundreds digit of 5245?
2
What is the hundreds digit of 10471?
4
What is the units digit of 11635?
5
What is the units digit of 11908?
8
What is the tens digit of 2941?
4
What is the hundreds digit of 8607?
6
What is the thousands digit of 33585?
3
What is the hundreds digit of 627?
6
What is the tens digit of 967?
6
What is the tens digit of 30336?
3
What is the units digit of 8310?
0
What is the tens digit of 6527?
2
What is the thousands digit of 15256?
5
What is the hundreds digit of 1590?
5
What is the hundreds digit of 2067?
0
What is the hundreds digit of 11280?
2
What is the ten thousands digit of 68041?
6
What is the thousands digit of 1273?
1
What is the thousands digit of 17984?
7
What is the thousands digit of 89449?
9
What is the hundreds digit of 1221?
2
What is the thousands digit of 1566?
1
What is the hundreds digit of 34719?
7
What is the hundreds digit of 1166?
1
What is the units digit of 854?
4
What is the thousands digit of 62290?
2
What is the thousands digit of 123305?
3
What is the ten thousands digit of 133786?
3
What is the hundreds digit of 1514?
5
What is the ten thousands digit of 14016?
1
What is the units digit of 682?
2
What is the tens digit of 16157?
5
What is the units digit of 864?
4
What is the units digit of 3683?
3
What is the tens digit of 33614?
1
What is the units digit of 2125?
5
What is the units digit of 283?
3
What is the hundreds digit of 1365?
3
What is the ten thousands digit of 11084?
1
What is the ten thousands digit of 23533?
2
What is the units digit of 183?
3
What is the hundreds digit of 32366?
3
What is the tens digit of 4707?
0
What is the units digit of 47737?
7
What is the thousands digit of 28117?
8
What is the hundreds digit of 7866?
8
What is the units digit of 35226?
6
What is the ten thousands digit of 18344?
1
What is the units digit of 137?
7
What is the thousands digit of 1511?
1
What is the tens digit of 12614?
1
What is the ten thousands digit of 23198?
2
What is the ten thousands digit of 61797?
6
What is the hundreds digit of 38768?
7
What is the units digit of 4566?
6
What is the tens digit of 73693?
9
What is the units digit of 1204?
4
What is the units digit of 2311?
1
What is the tens digit of 191?
9
What is the units digit of 44244?
4
What is the thousands digit of 1034?
1
What is the hundreds digit of 35726?
7
What is the tens digit of 781?
8
What is the units digit of 13409?
9
What is the thousands digit of 2295?
2
What is the tens digit of 5639?
3
What is the thousands digit of 1172?
1
What is the thousands digit of 19693?
9
What is the tens digit of 5228?
2
What is the ten thousands digit of 40628?
4
What is the units digit of 16409?
9
What is the tens digit of 2719?
1
What is the thousands digit of 4976?
4
What is the thousands digit of 60208?
0
What is the units digit of 3606?
6
What is the units digit of 12326?
6
What is the units digit of 194?
4
What is the tens digit of 1177?
7
What is the hundreds digit of 28307?
3
What is the ten thousands digit of 26160?
2
What is the thousands digit of 1490?
1
What is the tens digit of 14598?
9
What is the hundreds digit of 5909?
9
What is the units digit of 1407?
7
What is the tens digit of 24788?
8
What is the tens digit of 344?
4
What is the tens digit of 933?
3
What is the hundreds digit of 2868?
8
What is the units digit of 6?
6
What is the units digit of 6065?
5
What is the units digit of 2757?
7
What is the hundreds digit of 1185?
1
What is the units digit of 2431?
1
What is the units digit of 1897?
7
What is the hundreds digit of 4530?
5
What is the hundreds digit of 18817?
8
What is the thousands digit of 20395?
0
What is the units digit of 4582?
2
What is the tens digit of 611?
1
What is the tens digit of 76528?
2
What is the tens digit of 5727?
2
What is the ten thousands digit of 72674?
7
What is the hundreds digit of 5138?
1
What is the units digit of 5813?
3
What is the units digit of 445?
5
What is the units digit of 3553?
3
What is the hundreds digit of 15215?
2
What is the thousands digit of 31162?
1
What is the ten thousands digit of 38918?
3
What is the tens digit of 256?
5
What is the units digit of 4490?
0
What is the hundreds digit of 20850?
8
What is the hundreds digit of 11543?
5
What is the tens digit of 84110?
1
What is the hundreds digit of 1306?
3
What is the tens digit of 732?
3
What is the hundreds digit of 319?
3
What is the tens digit of 7206?
0
What is the tens digit of 8212?
1
What is the ten thousands digit of 114407?
1
What is the hundreds digit of 97094?
0
What is the hundreds digit of 988?
9
What is the units digit of 29934?
4
What is the hundreds digit of 324?
3
What is the thousands digit of 63598?
3
What is the ten thousands digit of 31402?
3
What is the hundreds digit of 121682?
6
What is the tens digit of 5922?
2
What is the thousands digit of 75424?
5
What is the tens digit of 92653?
5
What is the tens digit of 4667?
6
What is the hundreds digit of 2779?
7
What is the units digit of 14004?
4
What is the units digit of 3677?
7
What is the hundreds digit of 4502?
5
What is the thousands digit of 1150?
1
What is the tens digit of 18437?
3
What is the thousands digit of 7726?
7
What is the tens digit of 4542?
4
What is the hundreds digit of 37512?
5
What is the tens digit of 62881?
8
What is the units digit of 6058?
8
What is the thousands digit of 3535?
3
What is the tens digit of 2231?
3
What is the tens digit of 45559?
5
What is the units digit of 670?
0
What is the units digit of 29392?
2
What is the tens digit of 2706?
0
What is the units digit of 45653?
3
What is the ten thousands digit of 44497?
4
What is the units digit of 9090?
0
What is the units digit of 40106?
6
What is the units digit of 8301?
1
What is the units digit of 1818?
8
What is the units digit of 3578?
8
What is the thousands digit of 15023?
5
What is the hundreds digit of 1347?
3
What is the thousands digit of 3060?
3
What is the tens digit of 66629?
2
What is the tens digit of 1349?
4
What is the ten thousands digit of 56307?
5
What is the tens digit of 24482?
8
What is the hundreds digit of 976?
9
What is the hundreds digit of 7353?
3
What is the units digit of 97?
7
What is the ten thousands digit of 17621?
1
What is the thousands digit of 3333?
3
What is the hundreds digit of 8112?
1
What is the units digit of 1382?
2
What is the units digit of 2550?
0
What is the hundreds digit of 203?
2
What is the hundreds digit of 43210?
2
